 + (113 - 62)?
62
Calculate (-4 - 20) + (-7 - (-6 - (3 - -4))) - -3.
-15
What is -46 - (18 - (-27 + 17) - 16)?
-58
What is 8 + (6 - (15 - 8)) + 14 + (-20 - -8)?
9
Evaluate -62 + 24 + 23 + -2 - (3 + 7).
-27
Evaluate -3 + (-4 - -2) + 7 + 2 - (342 + -248).
-90
-21 - (-16 + (-51 - -16))
30
What is 2 + (-64 - 3) + -23 + (-31 - -61) - -11?
-47
-7 - 2 - ((33 + -9 - 17) + -19)
3
What is the value of 8 + 4 + (12 - 7) + -46 + 16?
-13
Evaluate 1 + 20 - 60 - (1 + 11 - 32).
-19
208 - 148 - 115 - (2 - (-2 + 17))
-42
Evaluate 21 + (1 - -12 - 23) - 5 - -10.
16
-584 + 549 + -1 + -28
-64
-22 - (-73 - 12) - 9
54
What is -35 + (4 - 33) - -13?
-51
What is the value of (-2 - -3 - -28) + (42 + 0 - (1125 - 1072))?
18
What is -1320 + 1263 - (-1 + -48) - (-2 + 0 + -85)?
79
What is the value of -26 + (-42 - (-75 + 7))?
0
Calculate -2855 - -2813 - (-1 - 3).
-38
((2 - -55) + 6 - (7 + 11)) + -21 + 6
30
Evaluate 15 + 11 + (-4 - 20) + 13.
15
What is 3 - (-191 + 188 - (1 - 20))?
-13
Evaluate (-120 - -122) + (-5 - (3 - 5)) + -25.
-26
(39 - (-71 + 95)) + 31
46
Calculate 6 + 10 + (51 - ((8 - 5) + -1)).
65
(-10 - (-7 - (-15 + 3 + 4 + 6))) + -1
-6
What is the value of 16 - (11 + (93 + -25 - 21))?
-42
79 - (81 + 3 + -8)
3
Calculate -1 + -10 + 100 + (-56 - 87).
-54
Evaluate 82 + -15 + (-131 - -64).
0
34 - (107 + -103 - (0 - 18))
12
What is 40 + (5 - (33 - -10)) + -70 + 1?
-67
What is the value of -68 + (3 - -2 - -36)?
-27
What is the value of -12 + (-47 - -19 - -54) + -21?
-7
(4 - 7) + (-21 - (-3 - -8)) - -14
-15
What is the value of 1 + -14 + (-78 - 5) + 50 + -34?
-80
Calculate 8 + -24 - (37 - 53) - 7.
-7
Evaluate -37 - -12 - -13 - (-8 - -31).
-35
3 + 8 - (62 + -2 + 13 + -16)
-46
What is the value of -20 - (-44 + -34 + -9)?
67
What is (-18 + 13 - (-2 + -8)) + (6 - (-7 + 15))?
3
Calculate (-24 - -7 - -23) + -131.
-125
Calculate 6 - (-2 + 4 - (-11 - (-8 - 12))).
13
What is the value of 56 + (-87 - (20 - 31))?
-20
Evaluate 2 + 0 - (-61 + -3) - (-45 - (-11 + -24)).
76
56 + -1 - ((-3 - (13 + -35)) + -7)
43
Evaluate -26 - (22 + 3 + -31).
-20
Calculate -14 + 8 + 12 + -43 + 10.
-27
(-1 + -14 - (1154 - 1175)) + -30
-24
-137 - (32 + (5 - (-25 - -74)))
-125
What is 1 + 7 + (-67 - (22 + -15))?
-66
Evaluate (1 - (-6 + 17)) + (-1 - -57 - (-91 - -90)).
47
What is -5 + (139 - 134 - ((3 - -53) + -1))?
-55
Evaluate 1 - (-4 - 3) - 3 - (1615 - 1658).
48
Calculate -3 + -25 - (-8 - (6 + -2 + -12)).
-28
849 + -879 + -4 + -18
-52
Evaluate 58 - (-2 + -11 - (65 - 85)).
51
0 - (18 + (-30 + -107 - -32))
87
3 + -3 + -15 - (-448 - -455) - 94
-116
-43 + 20 + 15 + (-11 - 2)
-21
Calculate 10 + 0 + (3 - (5 - -5)) + (4 - -5).
12
Evaluate 135 + (-54 - 48) + -2.
31
Calculate (-23 - (0 - (-1 + 26))) + -60 + (2 - 1).
-57
What is the value of 30 - ((-38 - 44) + 5)?
107
Evaluate (-3169 - -3023) + (81 - -3).
-62
Evaluate -8 - -16 - (6 + (4 - 2) + 69 + -4).
-65
Evaluate -42 + (0 - (13 - 34)) + 96 + -1 + -5.
69
What is 9 - ((4 - 3) + 0 + -65 + 36)?
37
Evaluate (306 - 334) + (-14 - -6).
-36
Evaluate 32 - (48 + -13 + -22 + -81).
100
Evaluate (-123 - -131 - (2 - (2 + 45))) + -12 + 9.
50
Evaluate (15 - (-7 + 48)) + 53.
27
Evaluate 104 - (-37 + (106 - 82)).
117
11 + (16 - (16 - 8) - 16) - -91
94
Calculate -61 - (36 + -130 - -48).
-15
What is -6 - 38 - 4 - (9 + (-18 - -7) - -8)?
-54
Evaluate -12 + (-5 - 9) + 71 + -39 + 3.
9
Evaluate -6 + -3 + (25 - (-8 + 14 + -20)).
30
What is the value of (-1 - (46 + -7)) + 114 + -124?
-50
What is 40 + (23 - 22) - (0 - -9)?
32
(-27 - 9 - -5) + 0 - -106
75
What is -12 - -2 - (1 + (-6 - 8) + 30)?
-27
Evaluate 296 - 199 - (-6 - (-1 + -11) - (-1 - -20)).
110
Calculate (70 - -56 - 10) + -26 + 2.
92
What is the value of (-21 - -1) + -30 + -2 + 21?
-31
Evaluate (-1 - -21) + (28 - (-16 + 36)).
28
What is (5 - -5 - -4) + (-34 - -18) + 20?
18
Calculate -10 + -45 + 21 + -13 - (7 - 11 - -3).
-46
What is the value of (-1 - (-23 - (-24 - -12))) + (148 - 2) + -18?
138
Calculate 22 + (72 - (39 + 106)).
-51
Calculate (0 + 48 - (-2 - 3 - -3)) + -2.
48
34 + (-34 - -20) - 53
-33
What is the value of 123 + 18 + (12 - (-8 - -20)) + 9?
150
What is 20 - (119 - 135 - 46)?
82
What is -132 - -131 - ((6 - 3) + 33)?
-37
What is 3 + 9 - (-22 - (-56 + 49))?
27
-20 + -16 + 22 - ((-3 - 7) + 11 - 41)
26
What is 5 + 33 + -75 - -12?
-25
Evaluate (-11 - -1) + (167 - 6) + -174.
-23
Evaluate -99 + (-8 - (-27 + 12 + -26)).
-66
Calculate 7 + (-1 + 17 - (-6 - 19)).
48
Calculate 8 - (-56 + 66 - (-35 - (4 + -1) - 4)).
-44
Calculate (-2 - -57 - (-41 + 25 - -21)) + -4.
46
Evaluate 49 - 2 - (9202 + -9185).
30
Evaluate -37 + (4 + (9 - (2 - -13)) - -4) + -10.
-45
-49 - -38 - 58 - ((6 - 1) + -3)
-71
Evaluate -19 - (62 + -23) - -130.
72
Evaluate (32 - 11) + -43 + 78 - 32.
24
Calculate 115 - 162 - (1 + -11) - (-1 - -5 - -1).
-42
What is the value of (76 + -8 - (3 + -13)) + 33 + -12 + -11?
88
(-30 - (-17 - (-1 - 14))) + (2 - -7)
-19
(30 + -35 - -67) + -122
-60
(66 - 54) + 37 + (-5 - -9)
53
Calculate (-18 - (-15 - -15)) + (-3 - -88) + -15.
52
What is -28 + (37 - -3) - ((5 - 2) + 24)?
-15
What is (-84 - -59) + (-50 - -140)?
65
What is 169 + (-299 - -54) + (1 - 37)?
-112
106 - ((-1 + -5 - -4) + -4 + -2 + -3)
117
26 - ((5 + 15 - 20) + 5) - (-1 + -1)
23
0 + 10 + 2 + -4 + 22 + -48 + 24
6
Evaluate -6 - -6 - (-28 - -57).
-29
Calculate 24 + 17 + 28 + (-7 - 30).
32
What is -126 - -80 - 81 - -8?
-119
What is the value of -10 + 19 + (3 + -1 - (-9 - 3) - 20)?
3
What is the value of (-2 - -21) + 90 + -120?
-11
What is the value of -56 + -32 + 70 - -55?
37
What is the value of -1 + -48 - (-135 - (109 - 254))?
-59
34 + 15 + (35 - 9) + -36
39
What is the value of -16 + -50 + 7 + 24?
-35
Calculate 19 + 51 - (-56 + 83).
43
What is the value of -2 + 8 + (1 + -1 - 8) - (-1 - -49)?
-50
3 + 5 + 9 + (-21 - -3 - 9)
-10
What is 2 - 5 - ((-20 - 2) + 15 + (2 - -104))?
-102
What is -43 - -70 - (-3 + 24) - (-1 - -53)?
-46
Evaluate -3 + -19 + -13 + 2 + 46.
13
Calculate (66 - 57) + (17 - 22).
4
Calculate (2 - 1) + -1 + (-80 - -2 - (644 + -677)).
-45
1 + -30 + 33 + -13 + -3
-12
What is the value of 25 + -7 + -63 + 50 - (2 - 30)?
33
(-11 - (-13 + -11)) + -8 - (9 + 4) - 32
-40
What is -104 + ((2 - -1) + 5 - -12) + 10?
-74
1 + 27 + 2 + -22 + -2 + 96
102
What is the value of -141 + 55 + -15 + 118?
17
Evaluate -66 - (39 + -115 + 46).
-36
0 + 5 + 10 + -40 - (7 + (26 - 42))
-16
Evaluate 4 - (-14 - -80 - 14).
-48
Calculate -1 + 52 - 0 - (14726 - 14740).
65
Calculate (-21 + 17 - (-14 - -5)) + 4.
9
66 + 17 - 64 - 126
-107
What is (3 - -11 - (-4 + -3 + 3 + 10)) + -47?
-39
What is the value of (27 - (19 - -56)) + 14 - (1 - (2 - 10))?
-43
What is the value of 144 - (29 - -308) - -144?
-49
Calculate -2 + -15 + -31 - -37.
-11
What is (-30 - -23) + 5 + (-18 + 15 - (48 + 4))?
-57
What is 1 - 20 - (-5 - (28 + -13))?
1
Evaluate (-8 - (-1 + 12)) + 17 + (-2 - 0 - -47).
43
Evaluate -1 + 1 - ((3 - -4) + -4) - (-304 - -299).
2
(-28 + 23 - 16 - 1 - -15) + (1 - 79)
-85
Evaluate -6 + (434 - 428) + (-3 - (48 + 3)).
-54
Calculate (9 - (10 + 25) - 11) + 10.
-27
-4 - (25 + -44 - 78)
93
What is the value of -46 + 0 + 1 + (15 + -106 - -101)?
-35
(-18 + -5 + 11 - 6) + 38
20
29 + -9 - 11 - 14 - -45
40
1 + -4 + 8 + 859 + -847 + (5 - 0)
22
Evaluate 146 + -45 + -70 + 98.
129
What is the value of -741 - -756 - (-1 - (-6 + 2 + 46))?
58
Calculate 117 + (0 + 4 + -35 - (68 - 81)).
99
What is the value of 39 - (6 - 0) - (55 + -73 - -15)?
36
Calculate -631 - -684 - (112 + -7).
-52
What is the value of -24 + (-5 + 0 + 23 - -17)?
11
Evaluate 41 + (85 - 100) + 27 + -6.
47
What is the value of (1 - 1) + -1 + 4 + -92 + (-1082 - -1072)?
-99
What is the value of 110 + -31 + (15 - 51)?
43
Evaluate (623 - 628) + (-23 - 2) + 1.
-29
Calculate (-51 - 21 - -91) + -168 + 11.
-138
What is the value of (-73 - -1) + (559 - 573) - -18?
-68
What is the value of 39 - (1 + 9 + -16 + (48 - 30))?
27
36 - (28 - 52) - (2 + 4)
54
What is (60 - (112 + -60)) + (14 - 138)?
-116
Calculate -17 + -28 - 17 - (57 + -29).
-90
-2 + 7 + 28 - (7 - (16 - 9) - 9)
42
What is (-4 - -3) + ((-1 - -17) + 9 + -18 - -46)?
52
Calculate (1 - 37) + (-220 - -300) + -114.
-70
Evaluate 95 - (10 + (91 - 34)).
28
What is the value of -47 + (13 - -32) + -29 + 3?
-28
Calculate -82 + 28 + -23 + (30 - 33).
-80
Evaluate -964 + 920 + (-6 - (-155 - 2)).
107
What is the value of (-